?
aa9692
139cb06 (base 13) to base 4
113300000232
What is 3240034023 (base 5) in base 4?
122202013321
What is -110101000010010011111 (base 2) in base 13?
-48b048
Convert 23cb0 (base 15) to base 6.
2240520
116e5 (base 15) to base 12
281a5
13132003 (base 5) to base 15
288d8
800c5 (base 13) to base 8
676451
What is -182701 (base 9) in base 4?
-123232123
Convert 145453134 (base 6) to base 2.
1011101101101111010010
Convert 133203000301 (base 4) to base 13.
1937221
What is 10001010110011110 (base 2) in base 7?
414126
Convert -1021323022 (base 4) to base 3.
-120101100121
What is 210133220320 (base 4) in base 6?
541014344
-1102122121 (base 3) to base 6
-334241
-20f6a (base 16) to base 14
-372c2
Convert -11145 (base 15) to base 7.
-314165
What is -7dac0c (base 14) in base 12?
-1530b38
13302202 (base 6) to base 5
103144423
What is -b49289 (base 13) in base 10?
-4218691
3e91d (base 15) to base 2
110001000111011010
Convert 110010100110001100111 (base 2) to base 5.
411023314
2604c (base 14) to base 4
112302310
10004140 (base 5) to base 4
103031032
3032220201 (base 4) to base 7
10123356
Convert -2124572 (base 13) to base 14.
-14a9a7d
Convert 104604134 (base 7) to base 8.
30132225
2300000302 (base 4) to base 11
452726
Convert -ab5be (base 16) to base 6.
-23013250
Convert 1210203 (base 5) to base 6.
252225
-37438a (base 12) to base 5
-212232343
Convert 10211121220 (base 3) to base 4.
102130113
Convert -25a38 (base 16) to base 14.
-40280
Convert 5062818 (base 9) to base 2.
1010010010110111000110
Convert -e6d2 (base 15) to base 14.
-13ad7
-2234564 (base 9) to base 13
-332068
-140666 (base 12) to base 5
-41121333
What is -2500611 (base 10) in base 2?
-1001100010100000000011
What is 102020021020120 (base 3) in base 9?
12207216
-2309465 (base 10) to base 13
-62b262
Convert 1577103 (base 9) to base 4.
3112103220
-3261046 (base 10) to base 9
-6120274
What is -3151338 (base 12) in base 14?
-1345b88
What is -4431414442 (base 5) in base 4?
-210301031123
Convert -3e1ad (base 15) to base 9.
-333611
Convert -231331212 (base 4) to base 12.
-90b46
What is 1c06ad (base 14) in base 8?
3641321
Convert -201450 (base 8) to base 5.
-4110334
What is -3306a (base 12) in base 11?
-46770
-1000100000100101 (base 2) to base 8
-104045
-4101113 (base 5) to base 8
-200367
What is -552 (base 10) in base 2?
-1000101000
-12441402013 (base 5) to base 12
-5271562
What is -9df34 (base 16) in base 2?
-10011101111100110100
Convert 34233312 (base 5) to base 11.
199549
-100110011001101000 (base 2) to base 14
-4146c
What is 95c98 (base 14) in base 11?
227a36
What is 28474 (base 13) in base 16?
126cd
Convert -6880126 (base 9) to base 13.
-a0041c
What is -6904 (base 15) in base 12?
-10a87
What is 1602402 (base 7) in base 12?
a6b53
Convert 624733 (base 9) to base 4.
1122203301
122202020 (base 3) to base 14
4a03
Convert 3103511 (base 12) to base 14.
131b581
185182 (base 9) to base 8
341211
12201022021111 (base 3) to base 9
5638244
What is 142051320 (base 6) in base 8?
13037040
What is -90732 (base 15) in base 2?
-1101111101000011111
-340121 (base 7) to base 13
-21473
Convert 6a39983 (base 11) to base 7.
206344122
Convert -1624e (base 15) to base 10.
-71399
Convert -453223 (base 6) to base 14.
-dd71
Convert 10001101210111 (base 3) to base 16.
18bf74
Convert 61031645 (base 7) to base 3.
100112102022112
What is -2213133303 (base 4) in base 16?
-a77f3
What is -121102113 (base 4) in base 3?
-12021002010
-242211114 (base 5) to base 2
-100010100011000000010
Convert 10203254 (base 6) to base 15.
5cb97
-645336 (base 10) to base 16
-9d8d8
1a36908 (base 12) to base 16
54a898
Convert 212033023 (base 4) to base 3.
21221211201
Convert -120417 (base 11) to base 8.
-564563
Convert 243661 (base 7) to base 12.
21974
What is -10110100011101000010 (base 2) in base 12?
-2b78aa
Convert 11639 (base 15) to base 10.
55404
Convert 3144032 (base 5) to base 3.
2200201121
-3b6ab (base 14) to base 3
-21110022112
-ac498 (base 14) to base 8
-1460326
Convert 5641143 (base 9) to base 5.
1234213332
720100 (base 9) to base 3
210200010000
Convert 6113 (base 14) to base 11.
11591
What is 11211112102122 (base 3) in base 13?
6bc603
What is 11433332 (base 6) in base 5?
43043420
-3107406 (base 12) to base 4
-203022312012
What is -111102011002 (base 3) in base 6?
-5354132
What is -2979633 (base 10) in base 4?
-23113130301
What is -4719d (base 14) in base 11?
-109151
Convert 101000001000101000011 (base 2) to base 12.
5350ab
What is -3c2cd (base 16) in base 12?
-ba779
Convert -667a46 (base 15) to base 10.
-4885941
What is 1040d (base 16) in base 10?
66573
10202100201 (base 3) to base 15
16d61
-2175103 (base 8) to base 15
-b94da
-10557370 (base 9) to base 15
-6b0ea3
What is -11111101110110001 (base 2) in base 9?
-217250
What is 782216 (base 9) in base 14?
c2506
Convert -1000001000111111101 (base 2) to base 13.
-94552
What is 2210943 (base 11) in base 5?
1443143001
-867 (base 9) to base 4
-23011
Convert -10010001111010100000101 (base 2) to base 8.
-22172405
-12000022212 (base 3) to base 6
-2040422
Convert -e3be9 (base 15) to base 2.
-10110000001010100001
Convert -13693a (base 11) to base 13.
-765a8
-1898299 (base 10) to base 3
-10120102222101
322022113211 (base 4) to base 15
151289b
Convert 20121112020 (base 3) to base 10.
130146
What is -2679233 (base 10) in base 15?
-37dca8
Convert 8265556 (base 9) to base 15.
5c28b3
Convert 3228bb (base 12) to base 16.
c188f
What is -452051 (base 7) in base 5?
-10024310
Convert 11661144 (base 8) to base 3.
11212010121000
-2010002001002 (base 3) to base 12
-462162
What is -10b33 (base 15) in base 16?
-cf9c
What is 120210111220 (base 3) in base 12?
12bb29
-1804271 (base 9) to base 3
-1220011022101
-112131000 (base 4) to base 9
-150136
Convert -10312002223 (base 4) to base 15.
-1a1421
Convert -469ba (base 12) to base 7.
-543145
What is 1111000000110001111 (base 2) in base 16?
7818f
Convert 111000111010010010010 (base 2) to base 5.
434133400
What is -1552285 (base 10) in base 12?
-62a391
c54c (base 13) to base 8
65211
Convert -1a286c (base 14) to base 8.
-3426560
Convert 5ac805 (base 14) to base 3.
12211220002000
Convert -412300323 (base 5) to base 2.
-110011010011110111010
300232331 (base 4) to base 7
1460651
What is -32364061 (base 9) in base 5?
-13000200043
-222202222 (base 3) to base 12
-b368
-111111001101001011011111 (base 2) to base 5
-13220202210
Convert -19800c (base 13) to base 7.
-5330115
-55958 (base 12) to base 2
-11011110000010100
Convert -235526 (base 9) to base 8.
-425037
715235 (base 10) to base 5
140341420
Convert -355521515 (base 6) to base 16.
-667157
What is 172c8a (base 15) in base 5?
241421310
What is -1040562 (base 7) in base 4?
-133020312
31065020 (base 8) to base 9
13340076
573a269 (base 11) to base 13
2108144
Convert -11055523 (base 6) to base 7.
-2561526
Convert ce01 (base 15) to base 9.
65781
1120002101 (base 4) to base 5
43014333
Convert -10093982 (base 10) to base 5.
-10041001412
What is -11200112010020 (base 3) in base 15?
-342d36
110434 (base 8) to base 10
37148
What is 1240822 (base 12) in base 13?
97bc0b
-1e22d1 (base 15) to base 11
-918643
-99449 (base 12) to base 6
-4202533
120000220 (base 3) to base 13
4cb0
What is -10312402 (base 9) in base 2?
-10010111101000000001101
What is -25b8bc (base 13) in base 6?
-31305521
What is 655526 (base 7) in base 10?
114827
What is 155230220 (base 6) in base 3?
20021021210010
What is -618483 (base 12) in base 8?
-5650643
What is 8c60d5 (base 14) in base 8?
22170313
Convert 10a0a (base 13) to base 12.
15619
Convert -1149629 (base 10) to base 7.
-12525455
Convert 3345b0 (base 14) to base 12.
6bb512
What is -10000120102101 (base 3) in base 13?
-442a50
What is -304455 (base 6) in base 7?
-131024
72756374 (base 8) to base 3
1002002022202012
Convert -2313115 (base 6) to base 7.
-1002602
Convert 4487122 (base 9) to base 15.
32be02
What is 1000121101200 (base 3) in base 16?
84aa1
What is 684588 (base 11) in base 5?
234330314
Convert 74f36 (base 16) to base 7.
4033406
-b8820 (base 15) to base 4
-2032333221
What is -4a387 (base 11) in base 5?
-4303312
4390a31 (base 11) to base 5
3432434120
-b40f2 (base 16) to base 5
-142100042
What is 102310320203 (base 4) in base 2?
10010110100111000100011
Convert 39b529 (base 13) to base 16.
154d07
Convert 20320020 (